{"id":11561,"date":"2023-07-08T09:22:54","date_gmt":"2023-07-08T09:22:54","guid":{"rendered":"https:\/\/laimesrankdarbiai.lt\/?post_type=product&#038;p=11561"},"modified":"2025-08-21T13:07:32","modified_gmt":"2025-08-21T13:07:32","slug":"nerta_lele_alisa-2","status":"publish","type":"product","link":"https:\/\/laimesrankdarbiai.lt\/index.php\/product\/nerta_lele_alisa-2\/","title":{"rendered":"Nerta l\u0117l\u0117 Alisa"},"content":{"rendered":"<div class=\"xdj266r x11i5rnm xat24cr x1mh8g0r x1vvkbs x126k92a\">\n<div dir=\"auto\">Jei ie\u0161kote originalios dovanos, \u0161i l\u0117lyt\u0117 yra puikus pasirinkimas!<\/div>\n<div dir=\"auto\">Galite dovanoti gimtadienio, krik\u0161tyn\u0173 arba bet kokia kita proga.<\/div>\n<div dir=\"auto\">Tai dovana, kuri tikrai i\u0161siskirs i\u0161 aplinkos ir paliks neeilin\u012f \u012fsp\u016bd\u012f.<\/div>\n<div dir=\"auto\">Dydis ~35 cm<\/div>\n<div dir=\"auto\"><\/div>\n<div dir=\"auto\">L\u0117lyt\u0117 atkeliauja supakuota d\u0117\u017euteje.<\/div>\n<div dir=\"auto\"><\/div>\n<\/div>\n<div class=\"x11i5rnm xat24cr x1mh8g0r x1vvkbs xtlvy1s x126k92a\">\n<div dir=\"auto\">\n<p>Spalva gali ne\u017eymiai skirtis nuo pavaizduotos nuotraukoje, tai priklauso nuo J\u016bs\u0173 kompiuterio ar telefono ekrano ry\u0161kumo nustatym\u0173.<\/p>\n","protected":false},"excerpt":{"rendered":"<p>Si\u016bl\u0173 sud\u0117tis: medviln\u0117 55 proc. akrilas 45 proc.<\/p>\n<p>U\u017epildas \u2013 poliesterio kam\u0161alas (sintetiniai PES pluo\u0161to kamuoliukai).<\/p>\n<p>Prie\u017ei\u016bra: rekomenduojama skalbti rankomis, nusausinti rank\u0161luos\u010diu ir leisti i\u0161d\u017ei\u016bti.<\/p>\n","protected":false},"featured_media":11562,"template":"","meta":[],"product_brand":[],"product_cat":[72,78],"product_tag":[],"class_list":{"0":"post-11561","1":"product","2":"type-product","3":"status-publish","4":"has-post-thumbnail","6":"product_cat-nertizaislai","7":"product_cat-visi","9":"first","10":"outofstock","11":"shipping-taxable","12":"purchasable","13":"product-type-simple"},"aioseo_notices":[],"_links":{"self":[{"href":"https:\/\/laimesrankdarbiai.lt\/index.php\/wp-json\/wp\/v2\/product\/11561","targetHints":{"allow":["GET"]}}],"collection":[{"href":"https:\/\/laimesrankdarbiai.lt\/index.php\/wp-json\/wp\/v2\/product"}],"about":[{"href":"https:\/\/laimesrankdarbiai.lt\/index.php\/wp-json\/wp\/v2\/types\/product"}],"wp:featuredmedia":[{"embeddable":true,"href":"https:\/\/laimesrankdarbiai.lt\/index.php\/wp-json\/wp\/v2\/media\/11562"}],"wp:attachment":[{"href":"https:\/\/laimesrankdarbiai.lt\/index.php\/wp-json\/wp\/v2\/media?parent=11561"}],"wp:term":[{"taxonomy":"product_brand","embeddable":true,"href":"https:\/\/laimesrankdarbiai.lt\/index.php\/wp-json\/wp\/v2\/product_brand?post=11561"},{"taxonomy":"product_cat","embeddable":true,"href":"https:\/\/laimesrankdarbiai.lt\/index.php\/wp-json\/wp\/v2\/product_cat?post=11561"},{"taxonomy":"product_tag","embeddable":true,"href":"https:\/\/laimesrankdarbiai.lt\/index.php\/wp-json\/wp\/v2\/product_tag?post=11561"}],"curies":[{"name":"wp","href":"https:\/\/api.w.org\/{rel}","templated":true}]}}