{"id":11572,"date":"2023-08-29T09:21:26","date_gmt":"2023-08-29T09:21:26","guid":{"rendered":"https:\/\/laimesrankdarbiai.lt\/?post_type=product&#038;p=11572"},"modified":"2024-01-29T20:16:44","modified_gmt":"2024-01-29T20:16:44","slug":"dovana_naujagimiui-4","status":"publish","type":"product","link":"https:\/\/laimesrankdarbiai.lt\/index.php\/product\/dovana_naujagimiui-4\/","title":{"rendered":"Dovana naujagimiui"},"content":{"rendered":"<p>Bar\u0161kutis &#8211; kramtukas bus reikalingas pirmaisiais gyvenimo metais. \u017daislas visi\u0161kai saugus, be plastikini\u0173 detali\u0173, n\u0117ra rizikos u\u017espringti, nenaudojami klijai, viskas prisi\u016bta.<br \/>\nPledukas \u0161velnus, mink\u0161tas ir labai jaukus, tinkantis visiems met\u0173 laikams.<\/p>\n<p>Tai tobula dovana k\u016bdikio palankynoms ar spar\u010diai populiar\u0117jan\u010diam laukimo vakar\u0117liui (baby shower).<\/p>\n<p>Spalva gali ne\u017eymiai skirtis nuo pavaizduotos nuotraukoje, tai priklauso nuo J\u016bs\u0173 kompiuterio ar telefono ekrano ry\u0161kumo nustatym\u0173.<\/p>\n","protected":false},"excerpt":{"rendered":"<p>Si\u016bl\u0173 sud\u0117tis: 55 proc. medviln\u0117, 45 proc. akrilas. U\u017epildas \u2013 poliesterio kam\u0161alas (sintetiniai PES pluo\u0161to kamuoliukai). Medinis \u017eiedas.<\/p>\n<p>Pledukas \u2013 100% mikro poliesteris, hipoalerginiai si\u016blai.<\/p>\n<p>Dyd\u017eiai:<br \/>\nbar\u0161kutis-kramtukas 18 cm, medinio \u017eiedo dydis 7 cm<br \/>\nPleduko dydis 80&#215;90 cm<\/p>\n<p>Prie\u017ei\u016bra: rekomenduojama skalbti rankomis, nusausinti rank\u0161luos\u010diu ir leisti i\u0161d\u017ei\u016bti.<\/p>\n","protected":false},"featured_media":11573,"template":"","meta":[],"product_brand":[],"product_cat":[71,70,78],"product_tag":[],"class_list":{"0":"post-11572","1":"product","2":"type-product","3":"status-publish","4":"has-post-thumbnail","6":"product_cat-komplektas","7":"product_cat-populiarus","8":"product_cat-visi","10":"first","11":"instock","12":"shipping-taxable","13":"purchasable","14":"product-type-simple"},"aioseo_notices":[],"_links":{"self":[{"href":"https:\/\/laimesrankdarbiai.lt\/index.php\/wp-json\/wp\/v2\/product\/11572","targetHints":{"allow":["GET"]}}],"collection":[{"href":"https:\/\/laimesrankdarbiai.lt\/index.php\/wp-json\/wp\/v2\/product"}],"about":[{"href":"https:\/\/laimesrankdarbiai.lt\/index.php\/wp-json\/wp\/v2\/types\/product"}],"wp:featuredmedia":[{"embeddable":true,"href":"https:\/\/laimesrankdarbiai.lt\/index.php\/wp-json\/wp\/v2\/media\/11573"}],"wp:attachment":[{"href":"https:\/\/laimesrankdarbiai.lt\/index.php\/wp-json\/wp\/v2\/media?parent=11572"}],"wp:term":[{"taxonomy":"product_brand","embeddable":true,"href":"https:\/\/laimesrankdarbiai.lt\/index.php\/wp-json\/wp\/v2\/product_brand?post=11572"},{"taxonomy":"product_cat","embeddable":true,"href":"https:\/\/laimesrankdarbiai.lt\/index.php\/wp-json\/wp\/v2\/product_cat?post=11572"},{"taxonomy":"product_tag","embeddable":true,"href":"https:\/\/laimesrankdarbiai.lt\/index.php\/wp-json\/wp\/v2\/product_tag?post=11572"}],"curies":[{"name":"wp","href":"https:\/\/api.w.org\/{rel}","templated":true}]}}