{"id":11669,"date":"2024-06-16T13:42:21","date_gmt":"2024-06-16T13:42:21","guid":{"rendered":"https:\/\/laimesrankdarbiai.lt\/?post_type=product&#038;p=11669"},"modified":"2024-06-16T13:42:21","modified_gmt":"2024-06-16T13:42:21","slug":"lelyte_braske","status":"publish","type":"product","link":"https:\/\/laimesrankdarbiai.lt\/index.php\/product\/lelyte_braske\/","title":{"rendered":"L\u0117lyt\u0117 \u201eBra\u0161k\u0117\u201d"},"content":{"rendered":"<p>Jei ie\u0161kote originalios dovanos, \u0161i l\u0117lyt\u0117 yra puikus pasirinkimas!<br \/>\nGalite dovanoti gimtadienio arba bet kokia kita proga.<br \/>\nTai dovana, kuri tikrai i\u0161siskirs i\u0161 aplinkos ir paliks neeilin\u012f \u012fsp\u016bd\u012f.<br \/>\nL\u0117lyt\u0117 atkeliauja supakuota d\u0117\u017euteje.<br \/>\nDydis ~21cm<\/p>\n","protected":false},"excerpt":{"rendered":"<p>Si\u016bl\u0173 sud\u0117tis: medviln\u0117 55 proc. akrilas 45 proc.<\/p>\n<p>U\u017epildas \u2013 poliesterio kam\u0161alas (sintetiniai PES pluo\u0161to kamuoliukai).<\/p>\n<p>Prie\u017ei\u016bra: rekomenduojama skalbti rankomis, nusausinti rank\u0161luos\u010diu ir leisti i\u0161d\u017ei\u016bti.<\/p>\n","protected":false},"featured_media":11670,"template":"","meta":[],"product_brand":[],"product_cat":[72,78],"product_tag":[],"class_list":{"0":"post-11669","1":"product","2":"type-product","3":"status-publish","4":"has-post-thumbnail","6":"product_cat-nertizaislai","7":"product_cat-visi","9":"first","10":"instock","11":"shipping-taxable","12":"purchasable","13":"product-type-simple"},"aioseo_notices":[],"_links":{"self":[{"href":"https:\/\/laimesrankdarbiai.lt\/index.php\/wp-json\/wp\/v2\/product\/11669","targetHints":{"allow":["GET"]}}],"collection":[{"href":"https:\/\/laimesrankdarbiai.lt\/index.php\/wp-json\/wp\/v2\/product"}],"about":[{"href":"https:\/\/laimesrankdarbiai.lt\/index.php\/wp-json\/wp\/v2\/types\/product"}],"wp:featuredmedia":[{"embeddable":true,"href":"https:\/\/laimesrankdarbiai.lt\/index.php\/wp-json\/wp\/v2\/media\/11670"}],"wp:attachment":[{"href":"https:\/\/laimesrankdarbiai.lt\/index.php\/wp-json\/wp\/v2\/media?parent=11669"}],"wp:term":[{"taxonomy":"product_brand","embeddable":true,"href":"https:\/\/laimesrankdarbiai.lt\/index.php\/wp-json\/wp\/v2\/product_brand?post=11669"},{"taxonomy":"product_cat","embeddable":true,"href":"https:\/\/laimesrankdarbiai.lt\/index.php\/wp-json\/wp\/v2\/product_cat?post=11669"},{"taxonomy":"product_tag","embeddable":true,"href":"https:\/\/laimesrankdarbiai.lt\/index.php\/wp-json\/wp\/v2\/product_tag?post=11669"}],"curies":[{"name":"wp","href":"https:\/\/api.w.org\/{rel}","templated":true}]}}